{"id":1947,"date":"2024-01-18T07:28:44","date_gmt":"2024-01-18T06:28:44","guid":{"rendered":"https:\/\/epenglish4u.com\/?page_id=1947"},"modified":"2024-01-18T07:45:16","modified_gmt":"2024-01-18T06:45:16","slug":"transferencia","status":"publish","type":"page","link":"https:\/\/epenglish4u.com\/index.php\/transferencia\/","title":{"rendered":"Transferencia"},"content":{"rendered":"\t\t<div data-elementor-type=\"wp-page\" data-elementor-id=\"1947\" class=\"elementor elementor-1947\">\n\t\t\t\t\t\t\t<div class=\"elementor-element elementor-element-9cf8341 e-flex e-con-boxed e-con e-parent\" data-id=\"9cf8341\" data-element_type=\"container\" data-settings=\"{&quot;content_width&quot;:&quot;boxed&quot;}\" data-core-v316-plus=\"true\">\n\t\t\t\t\t<div class=\"e-con-inner\">\n\t\t\t\t<div class=\"elementor-element elementor-element-358e607 elementor-widget elementor-widget-spacer\" data-id=\"358e607\" data-element_type=\"widget\" data-widget_type=\"spacer.default\">\n\t\t\t\t<div class=\"elementor-widget-container\">\n\t\t\t<style>\/*! elementor - v3.16.0 - 20-09-2023 *\/\n.elementor-column .elementor-spacer-inner{height:var(--spacer-size)}.e-con{--container-widget-width:100%}.e-con-inner>.elementor-widget-spacer,.e-con>.elementor-widget-spacer{width:var(--container-widget-width,var(--spacer-size));--align-self:var(--container-widget-align-self,initial);--flex-shrink:0}.e-con-inner>.elementor-widget-spacer>.elementor-widget-container,.e-con>.elementor-widget-spacer>.elementor-widget-container{height:100%;width:100%}.e-con-inner>.elementor-widget-spacer>.elementor-widget-container>.elementor-spacer,.e-con>.elementor-widget-spacer>.elementor-widget-container>.elementor-spacer{height:100%}.e-con-inner>.elementor-widget-spacer>.elementor-widget-container>.elementor-spacer>.elementor-spacer-inner,.e-con>.elementor-widget-spacer>.elementor-widget-container>.elementor-spacer>.elementor-spacer-inner{height:var(--container-widget-height,var(--spacer-size))}.e-con-inner>.elementor-widget-spacer.elementor-widget-empty,.e-con>.elementor-widget-spacer.elementor-widget-empty{position:relative;min-height:22px;min-width:22px}.e-con-inner>.elementor-widget-spacer.elementor-widget-empty .elementor-widget-empty-icon,.e-con>.elementor-widget-spacer.elementor-widget-empty .elementor-widget-empty-icon{position:absolute;top:0;bottom:0;left:0;right:0;margin:auto;padding:0;width:22px;height:22px}<\/style>\t\t<div class=\"elementor-spacer\">\n\t\t\t<div class=\"elementor-spacer-inner\"><\/div>\n\t\t<\/div>\n\t\t\t\t<\/div>\n\t\t\t\t<\/div>\n\t\t\t\t\t<\/div>\n\t\t\t\t<\/div>\n\t\t<div class=\"elementor-element elementor-element-aeee555 e-flex e-con-boxed e-con e-parent\" data-id=\"aeee555\" data-element_type=\"container\" data-settings=\"{&quot;content_width&quot;:&quot;boxed&quot;}\" data-core-v316-plus=\"true\">\n\t\t\t\t\t<div class=\"e-con-inner\">\n\t\t<div class=\"elementor-element elementor-element-2bbf816 e-con-full e-flex e-con e-child\" data-id=\"2bbf816\" data-element_type=\"container\" data-settings=\"{&quot;content_width&quot;:&quot;full&quot;}\">\n\t\t\t\t<div class=\"elementor-element elementor-element-efe45bb elementor-widget elementor-widget-image\" data-id=\"efe45bb\" data-element_type=\"widget\" data-widget_type=\"image.default\">\n\t\t\t\t<div class=\"elementor-widget-container\">\n\t\t\t<style>\/*! elementor - v3.16.0 - 20-09-2023 *\/\n.elementor-widget-image{text-align:center}.elementor-widget-image a{display:inline-block}.elementor-widget-image a img[src$=\".svg\"]{width:48px}.elementor-widget-image img{vertical-align:middle;display:inline-block}<\/style>\t\t\t\t\t\t\t\t\t\t\t\t<img decoding=\"async\" loading=\"lazy\" width=\"768\" height=\"1024\" src=\"https:\/\/epenglish4u.com\/wp-content\/uploads\/2024\/01\/WhatsApp-Image-2024-01-11-at-3.51-1-768x1024.png\" class=\"attachment-large size-large wp-image-1948\" alt=\"\" srcset=\"https:\/\/epenglish4u.com\/wp-content\/uploads\/2024\/01\/WhatsApp-Image-2024-01-11-at-3.51-1-768x1024.png 768w, https:\/\/epenglish4u.com\/wp-content\/uploads\/2024\/01\/WhatsApp-Image-2024-01-11-at-3.51-1-600x800.png 600w, https:\/\/epenglish4u.com\/wp-content\/uploads\/2024\/01\/WhatsApp-Image-2024-01-11-at-3.51-1-225x300.png 225w, https:\/\/epenglish4u.com\/wp-content\/uploads\/2024\/01\/WhatsApp-Image-2024-01-11-at-3.51-1-1152x1536.png 1152w, https:\/\/epenglish4u.com\/wp-content\/uploads\/2024\/01\/WhatsApp-Image-2024-01-11-at-3.51-1-1536x2048.png 1536w, https:\/\/epenglish4u.com\/wp-content\/uploads\/2024\/01\/WhatsApp-Image-2024-01-11-at-3.51-1.png 1908w\" sizes=\"(max-width: 768px) 100vw, 768px\" \/>\t\t\t\t\t\t\t\t\t\t\t\t\t\t\t<\/div>\n\t\t\t\t<\/div>\n\t\t\t\t<\/div>\n\t\t<div class=\"elementor-element elementor-element-fcb43ef e-con-full e-flex e-con e-child\" data-id=\"fcb43ef\" data-element_type=\"container\" data-settings=\"{&quot;content_width&quot;:&quot;full&quot;}\">\n\t\t\t\t<div class=\"elementor-element elementor-element-856e761 elementor-widget elementor-widget-heading\" data-id=\"856e761\" data-element_type=\"widget\" data-widget_type=\"heading.default\">\n\t\t\t\t<div class=\"elementor-widget-container\">\n\t\t\t<style>\/*! elementor - v3.16.0 - 20-09-2023 *\/\n.elementor-heading-title{padding:0;margin:0;line-height:1}.elementor-widget-heading .elementor-heading-title[class*=elementor-size-]>a{color:inherit;font-size:inherit;line-height:inherit}.elementor-widget-heading .elementor-heading-title.elementor-size-small{font-size:15px}.elementor-widget-heading .elementor-heading-title.elementor-size-medium{font-size:19px}.elementor-widget-heading .elementor-heading-title.elementor-size-large{font-size:29px}.elementor-widget-heading .elementor-heading-title.elementor-size-xl{font-size:39px}.elementor-widget-heading .elementor-heading-title.elementor-size-xxl{font-size:59px}<\/style><div class=\"elementor-heading-title elementor-size-default\">Por qu\u00e9 Elegir el Pago por Transferencia Bancaria<\/div>\t\t<\/div>\n\t\t\t\t<\/div>\n\t\t\t\t<div class=\"elementor-element elementor-element-25ccd00 elementor-widget elementor-widget-heading\" data-id=\"25ccd00\" data-element_type=\"widget\" data-widget_type=\"heading.default\">\n\t\t\t\t<div class=\"elementor-widget-container\">\n\t\t\t<div class=\"elementor-heading-title elementor-size-default\">En nuestra plataforma, ofrecemos diversas opciones de pago para brindarte la m\u00e1xima comodidad y flexibilidad al realizar tus compras. <br><br>La transferencia bancaria es conocida por ser un m\u00e9todo seguro y confiable. Al realizar tus pagos a trav\u00e9s de esta modalidad, puedes tener la tranquilidad de que tus transacciones est\u00e1n respaldadas por las s\u00f3lidas medidas de seguridad implementadas por los bancos.<br><br>En comparaci\u00f3n con algunos m\u00e9todos de pago que pueden involucrar cargos adicionales, las transferencias bancarias suelen tener tarifas m\u00e1s transparentes y, en muchos casos, reducidas.<\/div>\t\t<\/div>\n\t\t\t\t<\/div>\n\t\t\t\t<div class=\"elementor-element elementor-element-94a1bd3 elementor-widget elementor-widget-image\" data-id=\"94a1bd3\" data-element_type=\"widget\" data-widget_type=\"image.default\">\n\t\t\t\t<div class=\"elementor-widget-container\">\n\t\t\t\t\t\t\t\t\t\t\t\t\t\t\t<img decoding=\"async\" loading=\"lazy\" width=\"1024\" height=\"625\" src=\"https:\/\/epenglish4u.com\/wp-content\/uploads\/2024\/01\/Frame-145-1024x625.png\" class=\"attachment-large size-large wp-image-1949\" alt=\"\" srcset=\"https:\/\/epenglish4u.com\/wp-content\/uploads\/2024\/01\/Frame-145-1024x625.png 1024w, https:\/\/epenglish4u.com\/wp-content\/uploads\/2024\/01\/Frame-145-600x366.png 600w, https:\/\/epenglish4u.com\/wp-content\/uploads\/2024\/01\/Frame-145-300x183.png 300w, https:\/\/epenglish4u.com\/wp-content\/uploads\/2024\/01\/Frame-145-768x468.png 768w, https:\/\/epenglish4u.com\/wp-content\/uploads\/2024\/01\/Frame-145.png 1338w\" sizes=\"(max-width: 1024px) 100vw, 1024px\" \/>\t\t\t\t\t\t\t\t\t\t\t\t\t\t\t<\/div>\n\t\t\t\t<\/div>\n\t\t\t\t<\/div>\n\t\t\t\t\t<\/div>\n\t\t\t\t<\/div>\n\t\t\t\t\t\t\t<\/div>\n\t\t","protected":false},"excerpt":{"rendered":"<p>Por qu\u00e9 Elegir el Pago por Transferencia Bancaria En nuestra plataforma, ofrecemos diversas opciones de pago para brindarte la m\u00e1xima comodidad y flexibilidad al realizar tus compras. La transferencia bancaria es conocida por ser un m\u00e9todo seguro y confiable. Al realizar tus pagos a trav\u00e9s de esta modalidad, puedes tener la tranquilidad de que tus &hellip;<\/p>\n<p class=\"read-more\"> <a class=\"\" href=\"https:\/\/epenglish4u.com\/index.php\/transferencia\/\"> <span class=\"screen-reader-text\">Transferencia<\/span> Read More &raquo;<\/a><\/p>\n","protected":false},"author":1,"featured_media":0,"parent":0,"menu_order":0,"comment_status":"closed","ping_status":"closed","template":"","meta":{"site-sidebar-layout":"no-sidebar","site-content-layout":"","ast-site-content-layout":"full-width-container","site-content-style":"default","site-sidebar-style":"default","ast-global-header-display":"","ast-banner-title-visibility":"","ast-main-header-display":"","ast-hfb-above-header-display":"","ast-hfb-below-header-display":"","ast-hfb-mobile-header-display":"","site-post-title":"disabled","ast-breadcrumbs-content":"","ast-featured-img":"disabled","footer-sml-layout":"","theme-transparent-header-meta":"","adv-header-id-meta":"","stick-header-meta":"","header-above-stick-meta":"","header-main-stick-meta":"","header-below-stick-meta":"","astra-migrate-meta-layouts":"","footnotes":""},"_links":{"self":[{"href":"https:\/\/epenglish4u.com\/index.php\/wp-json\/wp\/v2\/pages\/1947"}],"collection":[{"href":"https:\/\/epenglish4u.com\/index.php\/wp-json\/wp\/v2\/pages"}],"about":[{"href":"https:\/\/epenglish4u.com\/index.php\/wp-json\/wp\/v2\/types\/page"}],"author":[{"embeddable":true,"href":"https:\/\/epenglish4u.com\/index.php\/wp-json\/wp\/v2\/users\/1"}],"replies":[{"embeddable":true,"href":"https:\/\/epenglish4u.com\/index.php\/wp-json\/wp\/v2\/comments?post=1947"}],"version-history":[{"count":9,"href":"https:\/\/epenglish4u.com\/index.php\/wp-json\/wp\/v2\/pages\/1947\/revisions"}],"predecessor-version":[{"id":1961,"href":"https:\/\/epenglish4u.com\/index.php\/wp-json\/wp\/v2\/pages\/1947\/revisions\/1961"}],"wp:attachment":[{"href":"https:\/\/epenglish4u.com\/index.php\/wp-json\/wp\/v2\/media?parent=1947"}],"curies":[{"name":"wp","href":"https:\/\/api.w.org\/{rel}","templated":true}]}}